 3*w, -5*k + 2210 = -4*w + 6*w. What is the tens digit of k?
4
Let s(h) = -h**3 + h**2 - h + 1. Let b be s(0). What is the units digit of (253/(-92))/(b/(-12))?
3
Suppose -4*z - 2*u + 4533 = u, 2*z - 2267 = -u. What is the units digit of z?
4
Suppose -8*f + 5*f - 2*p - 37 = 0, -3*f - 3*p = 33. Let b be 229*1 + f/(-5). Suppose 3*m = 4*j - 178, m = -5*j - 0*m + b. What is the units digit of j?
6
Let j = -332 + 567. What is the tens digit of j?
3
Let d be (-28)/(-1) + (-216)/(-36). Suppose 0*v = 4*v. Suppose -4*l + v*l + 30 = -2*k, -d = -5*l - k. What is the units digit of l?
7
Suppose -4*n = -i - 5772, 5*n - 7236 = -142*i + 138*i. What is the hundreds digit of n?
4
Let c(j) = -j**3 + 3*j**2 - 2*j - 3. What is the units digit of c(-7)?
1
Suppose 0 = 5*y - 7 - 23. Let d = y + -4. What is the units digit of (1/d)/(3/24)?
4
Let f = -698 + 1076. What is the tens digit of f?
7
Suppose 2*f = f + 2. Let b be (-2 - -2)/(f/1). Suppose b = 2*c + 7 - 19. What is the units digit of c?
6
Let h(a) be the first derivative of -a**3/3 + 3*a**2 - 14*a + 8. Let l(u) = 4*u**2 - 24*u + 57. Let c(g) = -9*h(g) - 2*l(g). What is the units digit of c(6)?
2
Let h(x) = x**2 + 10*x + 10. Let d be h(-9). Let l be (-2 - -10)/(d/(-2)). Let k = l + 33. What is the tens digit of k?
1
Suppose -1794 = -3*h - 8*f + 10*f, 5*f = -4*h + 2415. What is the units digit of h?
0
Suppose -8 = -5*q + 17. What is the tens digit of 1 + q/5 + 169?
7
Let t = -15 + 21. Suppose t*z + 64 = 10*z. Let r = -12 + z. What is the units digit of r?
4
Suppose -k + 3*n = -233, 4*n = -3*k + 2*n + 721. What is the hundreds digit of k?
2
What is the units digit of (11 - (-7259)/(-34))*(-1 + -1)?
5
Let w be (-11)/((-55)/30) + -3 + 0. Let g = 127 - 36. Suppose 0 = w*a + 3*p - 57, 12 + g = 5*a - 3*p. What is the units digit of a?
0
Suppose -1 = 3*l - 10. Let c = 434 + -423. Suppose c = l*g - 4. What is the units digit of g?
5
Suppose 0 = a - 4. Suppose -4*v + 187 = a*j + 39, -j + 41 = 2*v. What is the tens digit of j?
3
Let j(w) = w**3 - 15*w**2 + 15*w + 13. Suppose -56 = -2*t - 2*t. What is the tens digit of j(t)?
2
Let n(g) be the third derivative of g**6/40 + g**5/60 + g**4/12 + g**3/6 - 3*g**2. Let f be n(-1). What is the units digit of (1 - -2) + 13 - f?
9
Suppose -z + 574 + 477 = 0. What is the thousands digit of z?
1
Let m = 12320 - 8618. What is the tens digit of m?
0
Suppose -3*t - 54 = 12. Let v = -21 - t. What is the units digit of (2 + -3)*v/(-1)?
1
Suppose -30*k - 16 = -34*k. Suppose k*q - 20 = 0, -6*q + 202 = 3*v - 4*q. What is the units digit of v?
4
Let y = -20 + 11. Let d(p) = p**3 + 10*p**2 - 3*p - 1. What is the hundreds digit of d(y)?
1
Suppose 318 + 567 = 5*s. Suppose -179*m = -s*m - 304. What is the units digit of m?
2
Suppose 0 = 85*h - 87*h + 4. Suppose -44 = h*k - 112. What is the units digit of k?
4
Let d = 10 + -7. Let c be -3*((-6)/8)/(9/8). Suppose c*p - d*r = -r + 16, -3*r = 2*p + 4. What is the units digit of p?
4
Let a = -45 - -66. What is the tens digit of 2442/a - (-2)/(-7)?
1
Let c = -1527 + 3130. What is the tens digit of c?
0
Let h be (-2 - 36/(-15)) + 14/(-10). Let g = 38 - h. What is the units digit of g?
9
Let a = -18 - -15. Let n be 1/(a/6 + 1). Suppose -n*b - 3*b + 60 = 0. What is the tens digit of b?
1
Let g = 84 + -82. What is the tens digit of (8 - -45) + (1 - (g + -4))?
5
Let k = -3846 + 9105. What is the thousands digit of k?
5
Let i = -4 - -7. Suppose 2*q - 5 = -1. Let a = i + q. What is the units digit of a?
5
Suppose -3*o + 35 = 5*p, 4*o = -0*o. Suppose -l - 4*l - 19 = -x, 3*x = -l - p. What is the tens digit of (-172)/(-6) - l/12?
2
Suppose 4*z = -2*j + 12, 10 = j - 0*z + z. What is the units digit of j?
4
Let f(g) = g**2 - 2*g - 6. Let y be f(7). Let t = y - 11. What is the units digit of t/4 - (-1)/2?
5
Let i = -216 + 854. What is the tens digit of i?
3
Suppose -y = -5*g - 29, -g - 111 = -3*y + 2*g. Let q = 207 - 202. Suppose q*n = 51 + y. What is the tens digit of n?
1
Suppose -5*u - 42688 = -51*u. What is the units digit of u?
8
Let d = -276 + 2507. What is the units digit of d?
1
Let s = 10 + -8. Suppose m - 3*p - 106 = -34, s*m - 154 = -4*p. What is the units digit of m?
5
Suppose -46884 = -42*o + 124896. What is the tens digit of o?
9
Let b(f) = -f**3 + 8*f**2 - 5*f - 1. Let h be b(7). Suppose -2*i = -p + 2 - h, i = -p - 2. Suppose -u = 4*r + i + 13, 3 = 2*u + r. What is the units digit of u?
4
Suppose 5*n + 5*u - 3*u = -542, 2*n = 3*u - 213. Let i = -24 - n. What is the tens digit of i?
8
Suppose -73 = -4*n + 3*b - 6*b, -12 = -4*b. Suppose 20 - n = j. Suppose -5*v - 19 + 316 = -j*a, -2*v - 3*a + 105 = 0. What is the units digit of v?
7
Suppose -5*o = -547 - 373. Suppose 3*v - 5*v = -o. What is the units digit of v?
2
Let x = 81 + -87. What is the hundreds digit of 6405/21 - (1 + x)?
3
Let j(i) = 133*i - 245. What is the tens digit of j(6)?
5
Let i = -16 + 16. Suppose -w + 93 = 3*v, i = -3*v - 3*w - w + 102. What is the tens digit of v?
3
Let x = 63 - 20. Suppose x + 2 = v. Suppose 3*c - v = 129. What is the tens digit of c?
5
Let m = -8 - -10. Suppose 10 = 5*f - 0*f - k, m*k + 6 = -4*f. What is the units digit of f/2 + (-25)/(-2)?
3
Let p(l) = -288*l - 349. What is the hundreds digit of p(-15)?
9
Let b(k) = 100*k**2 - k - 3. What is the tens digit of b(-1)?
9
Suppose 0 = -3*d + 1264 + 11423. What is the hundreds digit of d?
2
Suppose -4*b - 4*h = -12, 3*h = -3*b + 2*h + 3. Let f be 170/((-20)/(-4)) + b. Suppose -35*y + f*y + 60 = 0. What is the units digit of y?
0
Suppose -3*h = 2*h + 25. Let c be (h + 0)/(1/(-20)). Suppose 9*f - c = 4*f. What is the units digit of f?
0
Let w = 2258 + 1253. What is the tens digit of w?
1
Suppose 4*h - 5*z = -20, -3*h = -5*z + 11 + 9. Let o = -4 + 8. Suppose 2*c - 7*c = -4*r - 93, h = o*c + 3*r - 93. What is the tens digit of c?
2
Let z = 414 + -302. What is the units digit of z?
2
Let v = 117 + -93. Suppose 3*g = 213 - v. What is the tens digit of g?
6
Let f(h) be the third derivative of h**4/2 + 7*h**3/3 - 9*h**2. Let l be f(-4). Let n = l + 59. What is the units digit of n?
5
Let z = 1713 + -1168. What is the tens digit of z?
4
Let i be -8 + 288 + -1 + 0. Suppose -s - 3 = 2*s, -i = -4*q - 5*s. Suppose -t + q = 4*f, f - t = 2*t + 21. What is the tens digit of f?
1
Let l(k) = 9*k**2 + 35*k + 59. What is the units digit of l(-9)?
3
Let v(l) = -l - 4. Let a be v(-4). Suppose a = 3*x + 33 + 30. What is the tens digit of 1 - (3 - (0 - x))?
1
Let i be 6 + 207 + 1 + -3. Let r = -301 + i. Let o = 136 + r. What is the tens digit of o?
4
What is the tens digit of 1460/9 + 96/(-432)?
6
What is the tens digit of (-8)/(-20) + 313/5?
6
Let t = -1470 - -2094. What is the hundreds digit of t?
6
Let v = 10 + -5. Suppose -v*b + 7*b = 28. Suppose -p = -b - 14. What is the tens digit of p?
2
What is the hundreds digit of ((-5)/(-30))/(66205/(-66210) + 1)?
2
Let o = -246 + 832. What is the units digit of o?
6
Let w = -512 + 236. Let m = w - -428. What is the tens digit of m?
5
Let w be 6*28/12 - -3. Suppose -w*q + 2090 = -7*q. What is the hundreds digit of q?
2
Let n be -4 + 3 - (0 - 1). Suppose n*j + j = 151. What is the hundreds digit of j?
1
Let g = -8 + 15. Let r = g + -5. Suppose -r*k - 7 + 56 = z, 2*z - 120 = -5*k. What is the tens digit of k?
2
Suppose -8*c + 4*c + 4784 = 4*t, 5*c = 4*t - 4793. What is the thousands digit of t?
1
Suppose 4*p - 8 = -0. Suppose -j + 7 = -p*j. Let g(w) = w**3 + 6*w**2 - 10*w - 9. What is the units digit of g(j)?
2
What is the units digit of (26724/(-85))/((-6)/30)?
2
Let q(f) = -4*f - 7. Let m(v) = -7*v - 13. Let p(b) = 6*m(b) - 11*q(b). Let i be p(2). Suppose 0 = w - 2*w + a + i, -5*a + 33 = w. What is the units digit of w?
8
Let s(p) = -3*p - 1. Let w be s(1). Let r(u) = u**3 + 4*u**2 - 2*u - 2. Let y be r(w). Suppose -2*c = -y*c + 16. What is the units digit of c?
4
Let s(h) = -7*h**3 + 5*h**2 + 3*h. Let r be s(-3). Let o = r + -123. What is the hundreds digit of o?
1
Let w = 19 - 14. Suppose -w*g = 64 + 76. What is the units digit of (35/g)/(1/(-4))?
5
Let k(h) = 16*h - 43. Let b be k(3). Suppose 0*q - 3*q = 5*t - 30, 0 = b*t. What is the units digit of q?
0
Let o(i) = 85*i**3 - i**2. Let z = -57 + 58. What is the tens digit of o(z)?
8
Suppose 11*q + 27*q - 34200 = 0. What is the tens digit of q